{"id":108,"date":"2017-10-17T20:35:56","date_gmt":"2017-10-17T18:35:56","guid":{"rendered":"http:\/\/onlinerunner.de\/Site\/?page_id=108"},"modified":"2017-12-09T15:59:13","modified_gmt":"2017-12-09T14:59:13","slug":"sgeg","status":"publish","type":"page","link":"https:\/\/onlinerunner.de\/Site\/sgeg\/","title":{"rendered":"SGEG"},"content":{"rendered":"<p><strong><code><div class=\"compact_audio_player_wrapper\"><div class=\"sc_player_container1\"><input type=\"button\" id=\"btnplay_69e617cf93e5a8.08820910\" class=\"myButton_play\" onClick=\"play_mp3('play','69e617cf93e5a8.08820910','http:\/\/onlinerunner.de\/Site\/wp-content\/uploads\/SGEG.mp3','80','false');show_hide('play','69e617cf93e5a8.08820910');\" \/><input type=\"button\"  id=\"btnstop_69e617cf93e5a8.08820910\" style=\"display:none\" class=\"myButton_stop\" onClick=\"play_mp3('stop','69e617cf93e5a8.08820910','','80','false');show_hide('stop','69e617cf93e5a8.08820910');\" \/><div id=\"sm2-container\"><!-- flash movie ends up here --><\/div><\/div><\/div><\/code><br \/>\nSGEG &#8211;\u00a0 Spirit Geography Expert Group<br \/>\n<\/strong><\/p>\n<p><img loading=\"lazy\" class=\"alignnone size-medium wp-image-189\" src=\"http:\/\/onlinerunner.de\/Site\/wp-content\/uploads\/SGEG-300x86.jpg\" alt=\"\" width=\"300\" height=\"86\" srcset=\"https:\/\/onlinerunner.de\/Site\/wp-content\/uploads\/SGEG-300x86.jpg 300w, https:\/\/onlinerunner.de\/Site\/wp-content\/uploads\/SGEG-230x66.jpg 230w, https:\/\/onlinerunner.de\/Site\/wp-content\/uploads\/SGEG.jpg 324w\" sizes=\"(max-width: 300px) 100vw, 300px\" \/><\/p>\n<p><em>Kurzbeschreibung:<\/em><br \/>\nEinsatzabteilung als Unterabteilung der PSUI, mit der Aufgabe, \u00f6rtliche Rahmenbedingungen<br \/>\nbei der Bek\u00e4mpfung paranormaler Ph\u00e4nomene vor Ort zu analysieren und im Einsatz zu beachten.<\/p>\n<p><em>Aktueller Abteilungsleiter:<br \/>\n<\/em>Fran\u00e7ois\u00a0 Maurice\u00a0 Godard<\/p>\n<p><em>Ausrichtung:<\/em><br \/>\nAnalyse der geographischen Lage und Gegebenheiten paranomaler Ph\u00e4nomene mit der Ma\u00dfgabe,<br \/>\ndiese zu dokumentieren, anderen Agents zug\u00e4nglich zu machen und in die Einsatzplanung und -umsetzung<br \/>\neinzubringen sowie entsprechende Ma\u00dfnahmen zu entwickeln.<\/p>\n<p><em>Aufgaben der SGEG:<\/em><br \/>\n&#8211; Gebietssperrung<br \/>\n&#8211; Lokalanalyse<br \/>\n&#8211; Beschaffenheitsuntersuchung<br \/>\n&#8211; Geographische Sondierung und Ma\u00dfnahmen zur Bek\u00e4mpfung \u00fcbernat\u00fcrlicher Erscheinungen und Wesenheiten bei besonderen r\u00e4umlichen Begebenheiten<br \/>\n&#8211; Entscheidungen auf akutem PI-AC-SEC-CON und allen HUT-Leveln<\/p>\n","protected":false},"excerpt":{"rendered":"<p>SGEG &#8211;\u00a0 Spirit Geography Expert Group Kurzbeschreibung: Einsatzabteilung als Unterabteilung der PSUI, mit der Aufgabe, \u00f6rtliche Rahmenbedingungen bei der Bek\u00e4mpfung paranormaler Ph\u00e4nomene [&hellip;]<\/p>\n","protected":false},"author":2,"featured_media":0,"parent":0,"menu_order":0,"comment_status":"closed","ping_status":"closed","template":"","meta":[],"_links":{"self":[{"href":"https:\/\/onlinerunner.de\/Site\/wp-json\/wp\/v2\/pages\/108"}],"collection":[{"href":"https:\/\/onlinerunner.de\/Site\/wp-json\/wp\/v2\/pages"}],"about":[{"href":"https:\/\/onlinerunner.de\/Site\/wp-json\/wp\/v2\/types\/page"}],"author":[{"embeddable":true,"href":"https:\/\/onlinerunner.de\/Site\/wp-json\/wp\/v2\/users\/2"}],"replies":[{"embeddable":true,"href":"https:\/\/onlinerunner.de\/Site\/wp-json\/wp\/v2\/comments?post=108"}],"version-history":[{"count":7,"href":"https:\/\/onlinerunner.de\/Site\/wp-json\/wp\/v2\/pages\/108\/revisions"}],"predecessor-version":[{"id":600,"href":"https:\/\/onlinerunner.de\/Site\/wp-json\/wp\/v2\/pages\/108\/revisions\/600"}],"wp:attachment":[{"href":"https:\/\/onlinerunner.de\/Site\/wp-json\/wp\/v2\/media?parent=108"}],"curies":[{"name":"wp","href":"https:\/\/api.w.org\/{rel}","templated":true}]}}