{"id":121,"date":"2017-10-17T20:39:17","date_gmt":"2017-10-17T18:39:17","guid":{"rendered":"http:\/\/onlinerunner.de\/Site\/?page_id=121"},"modified":"2017-12-09T16:02:29","modified_gmt":"2017-12-09T15:02:29","slug":"milf","status":"publish","type":"page","link":"https:\/\/onlinerunner.de\/Site\/milf\/","title":{"rendered":"MILF"},"content":{"rendered":"<p><strong><code><div class=\"compact_audio_player_wrapper\"><div class=\"sc_player_container1\"><input type=\"button\" id=\"btnplay_69e615e23f5f75.23490894\" class=\"myButton_play\" onClick=\"play_mp3('play','69e615e23f5f75.23490894','http:\/\/onlinerunner.de\/Site\/wp-content\/uploads\/MILF.mp3','80','false');show_hide('play','69e615e23f5f75.23490894');\" \/><input type=\"button\"  id=\"btnstop_69e615e23f5f75.23490894\" style=\"display:none\" class=\"myButton_stop\" onClick=\"play_mp3('stop','69e615e23f5f75.23490894','','80','false');show_hide('stop','69e615e23f5f75.23490894');\" \/><div id=\"sm2-container\"><!-- flash movie ends up here --><\/div><\/div><\/div><\/code><br \/>\nMILF &#8211; Multisensory Investigators of Life Force<br \/>\n<\/strong><\/p>\n<p><img loading=\"lazy\" class=\"alignnone size-medium wp-image-180\" src=\"http:\/\/onlinerunner.de\/Site\/wp-content\/uploads\/MILF-300x88.jpg\" alt=\"\" width=\"300\" height=\"88\" srcset=\"https:\/\/onlinerunner.de\/Site\/wp-content\/uploads\/MILF-300x88.jpg 300w, https:\/\/onlinerunner.de\/Site\/wp-content\/uploads\/MILF-230x67.jpg 230w, https:\/\/onlinerunner.de\/Site\/wp-content\/uploads\/MILF.jpg 325w\" sizes=\"(max-width: 300px) 100vw, 300px\" \/><\/p>\n<p><em>Kurzbeschreibung:<\/em><br \/>\nEinsatzabteilung als Unterabteilung der PSUI, mit der Aufgabe mittels multisonsorischer Messung<br \/>\nLebendigen und Quasi-Lebendigen (Untoten) Erscheinungen auf die Spur zu kommen,<br \/>\ndiese zu bek\u00e4mpfen und zur\u00fcckzudr\u00e4ngen.<\/p>\n<p><i>Aktueller Abteilungsleiter:<br \/>\n<\/i>Ethan\u00a0 Roalstad<\/p>\n<p><em>Ausrichtung:<\/em><br \/>\nDie MILF ist eine Einsatz- und Dokumentationeinheit, die mittels multisensorischer Untersuchung&#8216;<br \/>\nLebensformen aufsp\u00fcrt und katalogisiert. Dabei stehen die Erfassung von Charaktereigenschaften,<br \/>\nLebensweisen und Spezifika von Lebendigen und Quasi-Lebendigen im Untersuchungsmittelpunkt,<br \/>\num Ma\u00dfnahmen zur Kooperation oder Bek\u00e4mpfung auszumachen.<\/p>\n<p><em>Aufgaben der MILF:<\/em><br \/>\n&#8211; Ph\u00e4nomenvermessung<br \/>\n&#8211; Lebensformanalyse<br \/>\n&#8211; Typenbestimmung<br \/>\n&#8211; Risikoeinsch\u00e4tzung<br \/>\n&#8211; Dokumentation und Messung<br \/>\n&#8211; Durchf\u00fchrung und Unterst\u00fctzung paranormaler Eins\u00e4tze aller Level<\/p>\n","protected":false},"excerpt":{"rendered":"<p>MILF &#8211; Multisensory Investigators of Life Force Kurzbeschreibung: Einsatzabteilung als Unterabteilung der PSUI, mit der Aufgabe mittels multisonsorischer Messung Lebendigen und Quasi-Lebendigen [&hellip;]<\/p>\n","protected":false},"author":2,"featured_media":0,"parent":0,"menu_order":0,"comment_status":"closed","ping_status":"closed","template":"","meta":[],"_links":{"self":[{"href":"https:\/\/onlinerunner.de\/Site\/wp-json\/wp\/v2\/pages\/121"}],"collection":[{"href":"https:\/\/onlinerunner.de\/Site\/wp-json\/wp\/v2\/pages"}],"about":[{"href":"https:\/\/onlinerunner.de\/Site\/wp-json\/wp\/v2\/types\/page"}],"author":[{"embeddable":true,"href":"https:\/\/onlinerunner.de\/Site\/wp-json\/wp\/v2\/users\/2"}],"replies":[{"embeddable":true,"href":"https:\/\/onlinerunner.de\/Site\/wp-json\/wp\/v2\/comments?post=121"}],"version-history":[{"count":8,"href":"https:\/\/onlinerunner.de\/Site\/wp-json\/wp\/v2\/pages\/121\/revisions"}],"predecessor-version":[{"id":604,"href":"https:\/\/onlinerunner.de\/Site\/wp-json\/wp\/v2\/pages\/121\/revisions\/604"}],"wp:attachment":[{"href":"https:\/\/onlinerunner.de\/Site\/wp-json\/wp\/v2\/media?parent=121"}],"curies":[{"name":"wp","href":"https:\/\/api.w.org\/{rel}","templated":true}]}}