{"id":148,"date":"2017-10-17T20:40:51","date_gmt":"2017-10-17T18:40:51","guid":{"rendered":"http:\/\/onlinerunner.de\/Site\/?page_id=148"},"modified":"2017-12-09T15:22:17","modified_gmt":"2017-12-09T14:22:17","slug":"uhr","status":"publish","type":"page","link":"https:\/\/onlinerunner.de\/Site\/uhr\/","title":{"rendered":"UHR"},"content":{"rendered":"<p><strong><code><div class=\"compact_audio_player_wrapper\"><div class=\"sc_player_container1\"><input type=\"button\" id=\"btnplay_69e615e1a8ce00.11386844\" class=\"myButton_play\" onClick=\"play_mp3('play','69e615e1a8ce00.11386844','http:\/\/onlinerunner.de\/Site\/wp-content\/uploads\/UHR.mp3','80','false');show_hide('play','69e615e1a8ce00.11386844');\" \/><input type=\"button\"  id=\"btnstop_69e615e1a8ce00.11386844\" style=\"display:none\" class=\"myButton_stop\" onClick=\"play_mp3('stop','69e615e1a8ce00.11386844','','80','false');show_hide('stop','69e615e1a8ce00.11386844');\" \/><div id=\"sm2-container\"><!-- flash movie ends up here --><\/div><\/div><\/div><\/code><br \/>\nUHR &#8211; Unit for Human Resources<br \/>\n<\/strong><\/p>\n<p><img loading=\"lazy\" class=\"alignnone size-medium wp-image-184\" src=\"http:\/\/onlinerunner.de\/Site\/wp-content\/uploads\/UHR-300x89.jpg\" alt=\"\" width=\"300\" height=\"89\" srcset=\"https:\/\/onlinerunner.de\/Site\/wp-content\/uploads\/UHR-300x89.jpg 300w, https:\/\/onlinerunner.de\/Site\/wp-content\/uploads\/UHR-230x68.jpg 230w, https:\/\/onlinerunner.de\/Site\/wp-content\/uploads\/UHR.jpg 324w\" sizes=\"(max-width: 300px) 100vw, 300px\" \/><\/p>\n<p><em>Kurzbeschreibung:<\/em><br \/>\nVerwaltungsabteilung als Unterabteilung der GPA, die die Aufgaben des Personalrekruiting und der<br \/>\nPersonalentwicklung \u00fcbernimmt und PSUI Agenten spezifische F\u00f6rderprogramme und Unterst\u00fctzungsangebote zur Verf\u00fcgung stellt.<\/p>\n<p><em>Ausrichtung:<\/em><br \/>\nDie UHR ist die Personalabteilung der PI. Sie steht f\u00fcr eine ganzheitliche Betrachtung der Agenten und Mitarbeiterinnen und Mitarbeiter.<br \/>\nSie k\u00fcmmert sich um Gender-Mainstreaming also die Gleichbehandlung von Damen und Herren in der PI und nimmt die Interessen und<br \/>\nden Fortbildungsbedarf des Personals auf und sorgt f\u00fcr entsprechende Umsetzungen. Damit ist sie ad\u00e4quate Personalentwicklung aber auch<br \/>\nf\u00fcr Personalbeschaffung und Qulifiaktionsanalyse zust\u00e4ndig..<\/p>\n<p><em>Aufgaben der UHR:<\/em><br \/>\n&#8211; Qualifiaktionsanalyse<br \/>\n&#8211; Personalbeschaffung<br \/>\n&#8211; Personalentwicklung<br \/>\n&#8211; Personaleinsatzplanung<br \/>\n&#8211; Gender-Mainstreaming<\/p>\n","protected":false},"excerpt":{"rendered":"<p>UHR &#8211; Unit for Human Resources Kurzbeschreibung: Verwaltungsabteilung als Unterabteilung der GPA, die die Aufgaben des Personalrekruiting und der Personalentwicklung \u00fcbernimmt und [&hellip;]<\/p>\n","protected":false},"author":2,"featured_media":0,"parent":0,"menu_order":0,"comment_status":"closed","ping_status":"closed","template":"","meta":[],"_links":{"self":[{"href":"https:\/\/onlinerunner.de\/Site\/wp-json\/wp\/v2\/pages\/148"}],"collection":[{"href":"https:\/\/onlinerunner.de\/Site\/wp-json\/wp\/v2\/pages"}],"about":[{"href":"https:\/\/onlinerunner.de\/Site\/wp-json\/wp\/v2\/types\/page"}],"author":[{"embeddable":true,"href":"https:\/\/onlinerunner.de\/Site\/wp-json\/wp\/v2\/users\/2"}],"replies":[{"embeddable":true,"href":"https:\/\/onlinerunner.de\/Site\/wp-json\/wp\/v2\/comments?post=148"}],"version-history":[{"count":6,"href":"https:\/\/onlinerunner.de\/Site\/wp-json\/wp\/v2\/pages\/148\/revisions"}],"predecessor-version":[{"id":574,"href":"https:\/\/onlinerunner.de\/Site\/wp-json\/wp\/v2\/pages\/148\/revisions\/574"}],"wp:attachment":[{"href":"https:\/\/onlinerunner.de\/Site\/wp-json\/wp\/v2\/media?parent=148"}],"curies":[{"name":"wp","href":"https:\/\/api.w.org\/{rel}","templated":true}]}}