{"id":691,"date":"2018-01-10T00:18:38","date_gmt":"2018-01-09T23:18:38","guid":{"rendered":"http:\/\/onlinerunner.de\/Site\/?page_id=691"},"modified":"2018-01-14T17:36:55","modified_gmt":"2018-01-14T16:36:55","slug":"dezemberraetsel","status":"publish","type":"page","link":"https:\/\/onlinerunner.de\/Site\/dezemberraetsel\/","title":{"rendered":"Dezemberr\u00e4tsel"},"content":{"rendered":"<p>Das Dezemberr\u00e4tsel besteht aus sechs Botschaften und dem Hauptr\u00e4tsel.<\/p>\n","protected":false},"excerpt":{"rendered":"<p>Das Dezemberr\u00e4tsel besteht aus sechs Botschaften und dem Hauptr\u00e4tsel.<\/p>\n","protected":false},"author":7,"featured_media":0,"parent":0,"menu_order":0,"comment_status":"closed","ping_status":"closed","template":"","meta":[],"_links":{"self":[{"href":"https:\/\/onlinerunner.de\/Site\/wp-json\/wp\/v2\/pages\/691"}],"collection":[{"href":"https:\/\/onlinerunner.de\/Site\/wp-json\/wp\/v2\/pages"}],"about":[{"href":"https:\/\/onlinerunner.de\/Site\/wp-json\/wp\/v2\/types\/page"}],"author":[{"embeddable":true,"href":"https:\/\/onlinerunner.de\/Site\/wp-json\/wp\/v2\/users\/7"}],"replies":[{"embeddable":true,"href":"https:\/\/onlinerunner.de\/Site\/wp-json\/wp\/v2\/comments?post=691"}],"version-history":[{"count":2,"href":"https:\/\/onlinerunner.de\/Site\/wp-json\/wp\/v2\/pages\/691\/revisions"}],"predecessor-version":[{"id":774,"href":"https:\/\/onlinerunner.de\/Site\/wp-json\/wp\/v2\/pages\/691\/revisions\/774"}],"wp:attachment":[{"href":"https:\/\/onlinerunner.de\/Site\/wp-json\/wp\/v2\/media?parent=691"}],"curies":[{"name":"wp","href":"https:\/\/api.w.org\/{rel}","templated":true}]}}