{"id":694,"date":"2018-01-10T00:20:52","date_gmt":"2018-01-09T23:20:52","guid":{"rendered":"http:\/\/onlinerunner.de\/Site\/?page_id=694"},"modified":"2018-01-14T17:40:10","modified_gmt":"2018-01-14T16:40:10","slug":"januarraetsel","status":"publish","type":"page","link":"https:\/\/onlinerunner.de\/Site\/januarraetsel\/","title":{"rendered":"Januarr\u00e4tsel"},"content":{"rendered":"<h2><strong>Januarr\u00e4tsel:\u00a0\u00a0\u00a0\u00a0\u00a0\u00a0\u00a0\u00a0<\/strong><\/h2>\n<p><strong>L\u00f6sungszeitraum: 09.01.2018 bis 31.01.2018<br \/>\n(Erg\u00e4nzender Hinweis:<br \/>\nNach Ablauf der Frist kann das Januarr\u00e4tsel immer noch gel\u00f6st werden.<br \/>\nMan erh\u00e4lt dann lediglich weniger Punkte f\u00fcr die Wertung)<\/strong><\/p>\n<p>Im Januarr\u00e4tsel sind Antworten aus Aussagen zu dekodieren.<\/p>\n<p><strong>Generelle Informationen und Aussagen:<\/strong><\/p>\n<p>Die PI ist immer wieder mit paranormalen Ph\u00e4nomenen besch\u00e4ftigt, die durch druidische Beschw\u00f6rungen unter Nutzung druidischer Symbole hervorgerufen wurden. Dies geschah im letzten Jahr vermutlich an f\u00fcnf Orten in Deutschland, die bekannt f\u00fcr ihre Spukph\u00e4nomene sind. Der DGA hat Informationen zusammengetragen.<br \/>\nVon Nord nach S\u00fcd sind die Orte:<\/p>\n<ol>\n<li>Die Externsteine in Nordrhein-Westfalen<\/li>\n<li>Die Burg Lahneck in Rheinland-Pfalz<\/li>\n<li>Die Burg Rabenstein in Brandenburg<\/li>\n<li>Die Burgruine Stockenfels in Bayern<\/li>\n<li>Der Mummelsee im Schwarzwald in Baden-W\u00fcrttemberg<\/li>\n<\/ol>\n<p>Mit aller Wahrscheinlichkeit wurden an den Orten f\u00fcnf unterschiedliche geisterhafte Pararnormalph\u00e4nome, (der Bumaghar, der Katalut, der Mudal, der Vengeshi und der Worn) beobachtet, die jeweils auf verschiedene Arten aus dem Leben geschieden waren und auch verschiedenen Charaktereigenschaften zeigten. Da sie jeweils mit verschiedenen Druidensymbolen beschworen wurden, wiesen sie auch unterschiedliche Hygo-Plasm (HPI) Werte bei ihren Erscheinungen auf, die von PI Agents gemessen wurden.<\/p>\n<p>Hier sehen Sie die druidischen Symbole, die aller Wahrscheinlichkeit nach zu den Beschw\u00f6rungen benutzt wurden.<\/p>\n<p>Spirale:<\/p>\n<p><img loading=\"lazy\" class=\"alignnone wp-image-760\" src=\"http:\/\/onlinerunner.de\/Site\/wp-content\/uploads\/Spirale-gif-300x225.gif\" alt=\"\" width=\"120\" height=\"90\" srcset=\"https:\/\/onlinerunner.de\/Site\/wp-content\/uploads\/Spirale-gif-300x225.gif 300w, https:\/\/onlinerunner.de\/Site\/wp-content\/uploads\/Spirale-gif-768x576.gif 768w, https:\/\/onlinerunner.de\/Site\/wp-content\/uploads\/Spirale-gif-1024x768.gif 1024w, https:\/\/onlinerunner.de\/Site\/wp-content\/uploads\/Spirale-gif-830x623.gif 830w, https:\/\/onlinerunner.de\/Site\/wp-content\/uploads\/Spirale-gif-230x173.gif 230w, https:\/\/onlinerunner.de\/Site\/wp-content\/uploads\/Spirale-gif-350x263.gif 350w, https:\/\/onlinerunner.de\/Site\/wp-content\/uploads\/Spirale-gif-480x360.gif 480w\" sizes=\"(max-width: 120px) 100vw, 120px\" \/><\/p>\n<p>Doppelspirale:<\/p>\n<p><img loading=\"lazy\" class=\"alignnone wp-image-759\" src=\"http:\/\/onlinerunner.de\/Site\/wp-content\/uploads\/Doppelspirale-gif-300x225.gif\" alt=\"\" width=\"120\" height=\"90\" srcset=\"https:\/\/onlinerunner.de\/Site\/wp-content\/uploads\/Doppelspirale-gif-300x225.gif 300w, https:\/\/onlinerunner.de\/Site\/wp-content\/uploads\/Doppelspirale-gif-768x576.gif 768w, https:\/\/onlinerunner.de\/Site\/wp-content\/uploads\/Doppelspirale-gif-1024x768.gif 1024w, https:\/\/onlinerunner.de\/Site\/wp-content\/uploads\/Doppelspirale-gif-830x623.gif 830w, https:\/\/onlinerunner.de\/Site\/wp-content\/uploads\/Doppelspirale-gif-230x173.gif 230w, https:\/\/onlinerunner.de\/Site\/wp-content\/uploads\/Doppelspirale-gif-350x263.gif 350w, https:\/\/onlinerunner.de\/Site\/wp-content\/uploads\/Doppelspirale-gif-480x360.gif 480w\" sizes=\"(max-width: 120px) 100vw, 120px\" \/><\/p>\n<p>Zweifach zentrierte Spirale:<\/p>\n<p><img loading=\"lazy\" class=\"alignnone wp-image-766\" src=\"http:\/\/onlinerunner.de\/Site\/wp-content\/uploads\/Zweifach-zentrierte-Spirale-gif-2-300x210.gif\" alt=\"\" width=\"126\" height=\"88\" srcset=\"https:\/\/onlinerunner.de\/Site\/wp-content\/uploads\/Zweifach-zentrierte-Spirale-gif-2-300x210.gif 300w, https:\/\/onlinerunner.de\/Site\/wp-content\/uploads\/Zweifach-zentrierte-Spirale-gif-2-768x537.gif 768w, https:\/\/onlinerunner.de\/Site\/wp-content\/uploads\/Zweifach-zentrierte-Spirale-gif-2-1024x717.gif 1024w, https:\/\/onlinerunner.de\/Site\/wp-content\/uploads\/Zweifach-zentrierte-Spirale-gif-2-830x581.gif 830w, https:\/\/onlinerunner.de\/Site\/wp-content\/uploads\/Zweifach-zentrierte-Spirale-gif-2-230x161.gif 230w, https:\/\/onlinerunner.de\/Site\/wp-content\/uploads\/Zweifach-zentrierte-Spirale-gif-2-350x245.gif 350w, https:\/\/onlinerunner.de\/Site\/wp-content\/uploads\/Zweifach-zentrierte-Spirale-gif-2-480x336.gif 480w\" sizes=\"(max-width: 126px) 100vw, 126px\" \/><\/p>\n<p>Triskele:<\/p>\n<p><img loading=\"lazy\" class=\"alignnone wp-image-761\" src=\"http:\/\/onlinerunner.de\/Site\/wp-content\/uploads\/Triskele-gif-300x225.gif\" alt=\"\" width=\"119\" height=\"90\" srcset=\"https:\/\/onlinerunner.de\/Site\/wp-content\/uploads\/Triskele-gif-300x225.gif 300w, https:\/\/onlinerunner.de\/Site\/wp-content\/uploads\/Triskele-gif-768x576.gif 768w, https:\/\/onlinerunner.de\/Site\/wp-content\/uploads\/Triskele-gif-1024x768.gif 1024w, https:\/\/onlinerunner.de\/Site\/wp-content\/uploads\/Triskele-gif-830x623.gif 830w, https:\/\/onlinerunner.de\/Site\/wp-content\/uploads\/Triskele-gif-230x173.gif 230w, https:\/\/onlinerunner.de\/Site\/wp-content\/uploads\/Triskele-gif-350x263.gif 350w, https:\/\/onlinerunner.de\/Site\/wp-content\/uploads\/Triskele-gif-480x360.gif 480w\" sizes=\"(max-width: 119px) 100vw, 119px\" \/><\/p>\n<p>Wiege:<\/p>\n<p><img loading=\"lazy\" class=\"alignnone wp-image-762\" src=\"http:\/\/onlinerunner.de\/Site\/wp-content\/uploads\/Wiege-gif-300x225.gif\" alt=\"\" width=\"118\" height=\"89\" srcset=\"https:\/\/onlinerunner.de\/Site\/wp-content\/uploads\/Wiege-gif-300x225.gif 300w, https:\/\/onlinerunner.de\/Site\/wp-content\/uploads\/Wiege-gif-768x576.gif 768w, https:\/\/onlinerunner.de\/Site\/wp-content\/uploads\/Wiege-gif-1024x768.gif 1024w, https:\/\/onlinerunner.de\/Site\/wp-content\/uploads\/Wiege-gif-830x623.gif 830w, https:\/\/onlinerunner.de\/Site\/wp-content\/uploads\/Wiege-gif-230x173.gif 230w, https:\/\/onlinerunner.de\/Site\/wp-content\/uploads\/Wiege-gif-350x263.gif 350w, https:\/\/onlinerunner.de\/Site\/wp-content\/uploads\/Wiege-gif-480x360.gif 480w\" sizes=\"(max-width: 118px) 100vw, 118px\" \/><\/p>\n<p>&nbsp;<\/p>\n<p><strong>Informationen zu den paranormalen Erscheinungen:<\/strong><\/p>\n<ul>\n<li>Der Bumaghar ist vergiftet worden.<\/li>\n<li>3200 HPI wurden beim erstochenen Geist gemessen.<\/li>\n<li>Der Katalut wurde mit einen Wiege beschworen.<\/li>\n<li>Der Worn war zynisch und wurde am Ort direkt n\u00f6rdlich des Ortes des geh\u00e4uteten Geistes gesehen.<\/li>\n<li>Der tr\u00fcbsinnige Geist wurde direkt am Ort direkt n\u00f6rdlich des Ortes des gevierteilten Geistes gesichtet.<\/li>\n<li>Mit 2500 HPI wurde beim Geist gemessen, der mit der zweifach zentrierten Spirale beschworen wurde.<\/li>\n<li>Die Erscheinung, die mit 3200 HPI gemessen wurde, geschah am Ort direkt n\u00f6rdlich des Ortes, an dem ein Geist mit einer Doppelspirale beschworen wurde.<\/li>\n<li>Der Geist, der mit 2700 HPI gemessen wurde, war verzweifelt.<\/li>\n<li>Genau am Ort s\u00fcdlich vom Erscheinungsort des geh\u00e4uteten Geist wurde der Mudal gesichtet.<\/li>\n<li>Der Geist, der von den Druiden mit der Wiege beschworen wurde, erschien am Ort direkt s\u00fcdlich des gevierteilten Geistes.<\/li>\n<li>Der Vengeshi wurde mit 2800 HPI gemessen.<\/li>\n<li>Der tr\u00fcbsinnige Geist ist ertrunken.<\/li>\n<li>Genau s\u00fcdlich des Ortes, an dem der cholerische Geist gesichtet wurde liegt der Ort, an dem ein Geist mit 2400 HPI gemessen wurde.<\/li>\n<li>Der Geist des zweits\u00fcdlichsten Erscheinungsortes wurde mit einer Triskele beschworen.<\/li>\n<li>Der Worn \u00a0wurde nicht am Ort unmittelbar n\u00f6rdlich des Ortes gesichtet an dem der aggressive Geist gesichtet wurde.<\/li>\n<li>Der Geist am n\u00f6rdlichsten Ort wurde mit 2800 HPI gemessen.<\/li>\n<li>Direkt n\u00f6rdlich vom Ort, an dem der erstochene Geist gesichtet wurde, wurde der Katalut gesichtet.<\/li>\n<li>Der Geist, der mit 2500 HPI gemessen wurde, ist der Worn, der am zweitn\u00f6rdlichsten Ort gesichtet wurde.<\/li>\n<\/ul>\n<p><strong>Fragen:<\/strong><\/p>\n<p>Wer wurde mit dem Druidensymbol der Spirale beschworen?<br \/>\nWer wurde gevierteilt?<br \/>\nMit wieviel HPI wurde der Mudal gemessen?<br \/>\nWelcher Geist wurde am Mummelsee gesichtet?<br \/>\nWelche Charaktereigenschaft hat der Vengeshi?<\/p>\n<p>&nbsp;<\/p>\n<p>F\u00fcr die Regeln zum Dekodierungswettbewerb klicken Sie <a href=\"http:\/\/onlinerunner.de\/Site\/wettbewerb\/\">hier<\/a>.<\/p>\n<p>&nbsp;<\/p>\n<p>&nbsp;<\/p>\n<p>&nbsp;<\/p>\n<p>&nbsp;<\/p>\n","protected":false},"excerpt":{"rendered":"<p>Januarr\u00e4tsel:\u00a0\u00a0\u00a0\u00a0\u00a0\u00a0\u00a0\u00a0 L\u00f6sungszeitraum: 09.01.2018 bis 31.01.2018 (Erg\u00e4nzender Hinweis: Nach Ablauf der Frist kann das Januarr\u00e4tsel immer noch gel\u00f6st werden. Man erh\u00e4lt dann lediglich [&hellip;]<\/p>\n","protected":false},"author":7,"featured_media":0,"parent":0,"menu_order":0,"comment_status":"closed","ping_status":"closed","template":"","meta":[],"_links":{"self":[{"href":"https:\/\/onlinerunner.de\/Site\/wp-json\/wp\/v2\/pages\/694"}],"collection":[{"href":"https:\/\/onlinerunner.de\/Site\/wp-json\/wp\/v2\/pages"}],"about":[{"href":"https:\/\/onlinerunner.de\/Site\/wp-json\/wp\/v2\/types\/page"}],"author":[{"embeddable":true,"href":"https:\/\/onlinerunner.de\/Site\/wp-json\/wp\/v2\/users\/7"}],"replies":[{"embeddable":true,"href":"https:\/\/onlinerunner.de\/Site\/wp-json\/wp\/v2\/comments?post=694"}],"version-history":[{"count":9,"href":"https:\/\/onlinerunner.de\/Site\/wp-json\/wp\/v2\/pages\/694\/revisions"}],"predecessor-version":[{"id":776,"href":"https:\/\/onlinerunner.de\/Site\/wp-json\/wp\/v2\/pages\/694\/revisions\/776"}],"wp:attachment":[{"href":"https:\/\/onlinerunner.de\/Site\/wp-json\/wp\/v2\/media?parent=694"}],"curies":[{"name":"wp","href":"https:\/\/api.w.org\/{rel}","templated":true}]}}