{"id":812,"date":"2018-02-05T22:45:14","date_gmt":"2018-02-05T21:45:14","guid":{"rendered":"http:\/\/onlinerunner.de\/Site\/?page_id=812"},"modified":"2018-02-09T11:43:42","modified_gmt":"2018-02-09T10:43:42","slug":"februarraetsel","status":"publish","type":"page","link":"https:\/\/onlinerunner.de\/Site\/februarraetsel\/","title":{"rendered":"Februarr\u00e4tsel"},"content":{"rendered":"<h2><strong>Februarr\u00e4tsel:\u00a0\u00a0\u00a0\u00a0\u00a0\u00a0\u00a0\u00a0<\/strong><\/h2>\n<p><strong>L\u00f6sungszeitraum: 05.02.2018 bis 28.02.2018<br \/>\n(Erg\u00e4nzender Hinweis:<br \/>\nNach Ablauf der Frist kann das Februarr\u00e4tsel immer noch gel\u00f6st werden.<br \/>\nMan erh\u00e4lt dann lediglich weniger Punkte f\u00fcr die Wertung)<\/strong><\/p>\n<p>Im Februarr\u00e4tsel sind Informationen zu dekodieren.<br \/>\nDiese dienen dazu PI-Paranormalabwehr-Bomben zu entsch\u00e4rfen.<\/p>\n<p>&nbsp;<\/p>\n<p>Liebe Fieldagents,<\/p>\n<p>Wie viele von Ihnen wissen, benutzen wir ja PI-Bomben, um Dimensionenl\u00f6cher mittels Sprengung zu verschlie\u00dfen, die von besonders gef\u00e4hrlichen paranormalen Wesenheiten gerissen wurden, um in unsere Welt einzudringen.<br \/>\nIn j\u00fcngster Zeit kam es immer wieder zu Problemen und Unf\u00e4llen in Umgang mit diesen Bomben.<\/p>\n<p>Dies geschieht in der Regel durch Einfl\u00fcsse von Banaguls. Banaguls sind im Rahmen ihrer paranormalen Aktivit\u00e4ten in der Lage elektronische Ger\u00e4te und somit auch unsere Bomben zur Paranormalabwehr zu beeinflussen. Sie k\u00f6nnen unsere Bomben aktivieren und umprogrammieren. Somit stellen sie und die von ihnen aktivierten Bomben f\u00fcr Agenten und Umwelt eine Bedrohung dar. Daher m\u00fcssen Sie den Umgang mit von Banaguls aktivierten Bomben erlernen, um diese zu entsch\u00e4rfen.<br \/>\nDa dies von besonderer Wichtigkeit ist, hat der DGA Sir Walter Cummins beschlossen, diese Entsch\u00e4rfung zur Grundlage unseres Februarr\u00e4tsels zu machen.<\/p>\n<p>Der DU Agent Cuzmin, hat sich mit einer DU Gruppe intensiv mit dem Problem auseinandergesetzt und eine Systematik zur Entsch\u00e4rfung der Bomben gefunden.<\/p>\n<p>In drei Videos erl\u00e4utert er Ihnen das Vorgehen:<\/p>\n<p>(a) das Video zu den Grundregeln der Entsch\u00e4rfung<\/p>\n<p><iframe loading=\"lazy\" width=\"1170\" height=\"658\" src=\"https:\/\/www.youtube.com\/embed\/m97RBaeAB8U?feature=oembed\" frameborder=\"0\" allow=\"autoplay; encrypted-media\" allowfullscreen><\/iframe><\/p>\n<p>(b) das Video zu den Entscheidungsregeln zum Kappen von Kabeln<\/p>\n<p><iframe loading=\"lazy\" width=\"1170\" height=\"658\" src=\"https:\/\/www.youtube.com\/embed\/mMpi8aolZ50?feature=oembed\" frameborder=\"0\" allow=\"autoplay; encrypted-media\" allowfullscreen><\/iframe><\/p>\n<p>&nbsp;<\/p>\n<p>(c) das Video zu den Entscheidungsregeln zum Dr\u00fccken des korrekten Knopfes<\/p>\n<p><iframe loading=\"lazy\" width=\"1170\" height=\"658\" src=\"https:\/\/www.youtube.com\/embed\/jeRM3CDYT70?feature=oembed\" frameborder=\"0\" allow=\"autoplay; encrypted-media\" allowfullscreen><\/iframe><\/p>\n<p>&nbsp;<\/p>\n<p>&nbsp;<\/p>\n<p>&nbsp;<\/p>\n<p>Nutzen Sie dieses Wissen, um die folgenden 12 Bomben zu entsch\u00e4rfen:<\/p>\n<p><img loading=\"lazy\" class=\"alignnone size-medium wp-image-784\" src=\"http:\/\/onlinerunner.de\/Site\/wp-content\/uploads\/Bombe-A-300x171.jpg\" alt=\"\" width=\"360\" height=\"190\" \/> <img loading=\"lazy\" class=\"alignnone size-medium wp-image-785\" src=\"http:\/\/onlinerunner.de\/Site\/wp-content\/uploads\/Bombe-B-300x171.jpg\" alt=\"\" width=\"360\" height=\"190\" \/> <img loading=\"lazy\" class=\"alignnone size-medium wp-image-786\" src=\"http:\/\/onlinerunner.de\/Site\/wp-content\/uploads\/Bombe-C-300x175.jpg\" alt=\"\" width=\"360\" height=\"190\" \/> <img loading=\"lazy\" class=\"alignnone size-medium wp-image-787\" src=\"http:\/\/onlinerunner.de\/Site\/wp-content\/uploads\/Bombe-D-300x170.jpg\" alt=\"\" width=\"360\" height=\"190\" \/> <img loading=\"lazy\" class=\"alignnone size-medium wp-image-788\" src=\"http:\/\/onlinerunner.de\/Site\/wp-content\/uploads\/Bombe-E-300x170.jpg\" alt=\"\" width=\"360\" height=\"190\" \/> <img loading=\"lazy\" class=\"alignnone size-medium wp-image-789\" src=\"http:\/\/onlinerunner.de\/Site\/wp-content\/uploads\/Bombe-F-300x174.jpg\" alt=\"\" width=\"360\" height=\"190\" \/> <img loading=\"lazy\" class=\"alignnone size-medium wp-image-790\" src=\"http:\/\/onlinerunner.de\/Site\/wp-content\/uploads\/Bombe-G-300x174.jpg\" alt=\"\" width=\"360\" height=\"190\" \/> <img loading=\"lazy\" class=\"alignnone size-medium wp-image-791\" src=\"http:\/\/onlinerunner.de\/Site\/wp-content\/uploads\/Bombe-H-300x173.jpg\" alt=\"\" width=\"360\" height=\"190\" \/> <img loading=\"lazy\" class=\"alignnone size-medium wp-image-792\" src=\"http:\/\/onlinerunner.de\/Site\/wp-content\/uploads\/Bombe-I-300x175.jpg\" alt=\"\" width=\"360\" height=\"190\" \/> <img loading=\"lazy\" class=\"alignnone size-medium wp-image-793\" src=\"http:\/\/onlinerunner.de\/Site\/wp-content\/uploads\/Bombe-J-300x175.jpg\" alt=\"\" width=\"360\" height=\"190\" \/> <img loading=\"lazy\" class=\"alignnone size-medium wp-image-794\" src=\"http:\/\/onlinerunner.de\/Site\/wp-content\/uploads\/Bombe-K-300x173.jpg\" alt=\"\" width=\"360\" height=\"190\" \/> <img loading=\"lazy\" class=\"alignnone size-medium wp-image-795\" src=\"http:\/\/onlinerunner.de\/Site\/wp-content\/uploads\/Bombe-L-300x175.jpg\" alt=\"\" width=\"360\" height=\"190\" \/><\/p>\n<p>Teilen Sie uns im Rahmen des Februarr\u00e4tsels mit bei welcher Bombe, Sie zur Entsch\u00e4rfung welche Kabel trennen und welche Kn\u00f6pfe dr\u00fccken m\u00fcssen.<\/p>\n<p>Zudem haben wir Ihnen diese Regeln auch noch einmal in den folgenden \u00dcbersichten zusammengestellt, welches Ihnen die Arbeit ggf. erleichtert.<\/p>\n<p><img loading=\"lazy\" class=\"alignnone wp-image-800\" src=\"http:\/\/onlinerunner.de\/Site\/wp-content\/uploads\/Grundregeln-300x166.jpg\" alt=\"\" width=\"854\" height=\"473\" srcset=\"https:\/\/onlinerunner.de\/Site\/wp-content\/uploads\/Grundregeln-300x166.jpg 300w, https:\/\/onlinerunner.de\/Site\/wp-content\/uploads\/Grundregeln-768x425.jpg 768w, https:\/\/onlinerunner.de\/Site\/wp-content\/uploads\/Grundregeln-1024x567.jpg 1024w, https:\/\/onlinerunner.de\/Site\/wp-content\/uploads\/Grundregeln-830x459.jpg 830w, https:\/\/onlinerunner.de\/Site\/wp-content\/uploads\/Grundregeln-230x127.jpg 230w, https:\/\/onlinerunner.de\/Site\/wp-content\/uploads\/Grundregeln-350x194.jpg 350w, https:\/\/onlinerunner.de\/Site\/wp-content\/uploads\/Grundregeln-480x266.jpg 480w, https:\/\/onlinerunner.de\/Site\/wp-content\/uploads\/Grundregeln.jpg 1319w\" sizes=\"(max-width: 854px) 100vw, 854px\" \/><\/p>\n<p>&nbsp;<\/p>\n<p><img loading=\"lazy\" class=\"alignnone wp-image-796\" src=\"http:\/\/onlinerunner.de\/Site\/wp-content\/uploads\/Entscheidungsregeln-Kabel1-300x157.jpg\" alt=\"\" width=\"800\" height=\"419\" srcset=\"https:\/\/onlinerunner.de\/Site\/wp-content\/uploads\/Entscheidungsregeln-Kabel1-300x157.jpg 300w, https:\/\/onlinerunner.de\/Site\/wp-content\/uploads\/Entscheidungsregeln-Kabel1-768x403.jpg 768w, https:\/\/onlinerunner.de\/Site\/wp-content\/uploads\/Entscheidungsregeln-Kabel1-1024x538.jpg 1024w, https:\/\/onlinerunner.de\/Site\/wp-content\/uploads\/Entscheidungsregeln-Kabel1-830x436.jpg 830w, https:\/\/onlinerunner.de\/Site\/wp-content\/uploads\/Entscheidungsregeln-Kabel1-230x121.jpg 230w, https:\/\/onlinerunner.de\/Site\/wp-content\/uploads\/Entscheidungsregeln-Kabel1-350x184.jpg 350w, https:\/\/onlinerunner.de\/Site\/wp-content\/uploads\/Entscheidungsregeln-Kabel1-480x252.jpg 480w, https:\/\/onlinerunner.de\/Site\/wp-content\/uploads\/Entscheidungsregeln-Kabel1.jpg 1322w\" sizes=\"(max-width: 800px) 100vw, 800px\" \/><\/p>\n<p><img loading=\"lazy\" class=\"alignnone wp-image-797\" src=\"http:\/\/onlinerunner.de\/Site\/wp-content\/uploads\/Entscheidungsregeln-Kabel2-300x165.jpg\" alt=\"\" width=\"816\" height=\"449\" srcset=\"https:\/\/onlinerunner.de\/Site\/wp-content\/uploads\/Entscheidungsregeln-Kabel2-300x165.jpg 300w, https:\/\/onlinerunner.de\/Site\/wp-content\/uploads\/Entscheidungsregeln-Kabel2-1024x562.jpg 1024w, https:\/\/onlinerunner.de\/Site\/wp-content\/uploads\/Entscheidungsregeln-Kabel2-230x126.jpg 230w, https:\/\/onlinerunner.de\/Site\/wp-content\/uploads\/Entscheidungsregeln-Kabel2-350x192.jpg 350w, https:\/\/onlinerunner.de\/Site\/wp-content\/uploads\/Entscheidungsregeln-Kabel2-480x263.jpg 480w, https:\/\/onlinerunner.de\/Site\/wp-content\/uploads\/Entscheidungsregeln-Kabel2.jpg 1336w\" sizes=\"(max-width: 816px) 100vw, 816px\" \/><\/p>\n<p><img loading=\"lazy\" class=\"alignnone wp-image-798\" src=\"http:\/\/onlinerunner.de\/Site\/wp-content\/uploads\/Entscheidungsregeln-Kabel3-300x136.jpg\" alt=\"\" width=\"803\" height=\"364\" srcset=\"https:\/\/onlinerunner.de\/Site\/wp-content\/uploads\/Entscheidungsregeln-Kabel3-300x136.jpg 300w, https:\/\/onlinerunner.de\/Site\/wp-content\/uploads\/Entscheidungsregeln-Kabel3-768x347.jpg 768w, https:\/\/onlinerunner.de\/Site\/wp-content\/uploads\/Entscheidungsregeln-Kabel3-1024x463.jpg 1024w, https:\/\/onlinerunner.de\/Site\/wp-content\/uploads\/Entscheidungsregeln-Kabel3-830x376.jpg 830w, https:\/\/onlinerunner.de\/Site\/wp-content\/uploads\/Entscheidungsregeln-Kabel3-230x104.jpg 230w, https:\/\/onlinerunner.de\/Site\/wp-content\/uploads\/Entscheidungsregeln-Kabel3-350x158.jpg 350w, https:\/\/onlinerunner.de\/Site\/wp-content\/uploads\/Entscheidungsregeln-Kabel3-480x217.jpg 480w, https:\/\/onlinerunner.de\/Site\/wp-content\/uploads\/Entscheidungsregeln-Kabel3.jpg 1324w\" sizes=\"(max-width: 803px) 100vw, 803px\" \/><\/p>\n<p><img loading=\"lazy\" class=\"alignnone wp-image-799\" src=\"http:\/\/onlinerunner.de\/Site\/wp-content\/uploads\/Entscheidungsregeln-Knopf-300x174.jpg\" alt=\"\" width=\"814\" height=\"472\" srcset=\"https:\/\/onlinerunner.de\/Site\/wp-content\/uploads\/Entscheidungsregeln-Knopf-300x174.jpg 300w, https:\/\/onlinerunner.de\/Site\/wp-content\/uploads\/Entscheidungsregeln-Knopf-768x444.jpg 768w, https:\/\/onlinerunner.de\/Site\/wp-content\/uploads\/Entscheidungsregeln-Knopf-1024x592.jpg 1024w, https:\/\/onlinerunner.de\/Site\/wp-content\/uploads\/Entscheidungsregeln-Knopf-830x480.jpg 830w, https:\/\/onlinerunner.de\/Site\/wp-content\/uploads\/Entscheidungsregeln-Knopf-230x133.jpg 230w, https:\/\/onlinerunner.de\/Site\/wp-content\/uploads\/Entscheidungsregeln-Knopf-350x203.jpg 350w, https:\/\/onlinerunner.de\/Site\/wp-content\/uploads\/Entscheidungsregeln-Knopf-480x278.jpg 480w, https:\/\/onlinerunner.de\/Site\/wp-content\/uploads\/Entscheidungsregeln-Knopf.jpg 1336w\" sizes=\"(max-width: 814px) 100vw, 814px\" \/><\/p>\n<p>Bitte beachten Sie, dass je nach Bildschirmdarstellung die orangen Kabel als eher gelblich angezeigt werden.<br \/>\nEs gibt bei unseren Bomben keine gelben Kabel.<br \/>\nDie Kabelfarben unserer Bomben sind: schwarz, wei\u00df, rot, violett\/lila, blau, gr\u00fcn und orange.<\/p>\n<p>Wir w\u00fcnschen Ihnen viel Erfolg beim Entsch\u00e4rfen der Bomben.<\/p>\n<p>Ihr SNAPIT-Agent<\/p>\n<p>Rainer-Maria Pergenheim<\/p>\n<p>&nbsp;<\/p>\n<p>F\u00fcr die Regeln zum Dekodierungswettbewerb klicken Sie <a href=\"http:\/\/onlinerunner.de\/Site\/wettbewerb\/\">hier<\/a>.<\/p>\n<p>&nbsp;<\/p>\n<p>&nbsp;<\/p>\n","protected":false},"excerpt":{"rendered":"<p>Februarr\u00e4tsel:\u00a0\u00a0\u00a0\u00a0\u00a0\u00a0\u00a0\u00a0 L\u00f6sungszeitraum: 05.02.2018 bis 28.02.2018 (Erg\u00e4nzender Hinweis: Nach Ablauf der Frist kann das Februarr\u00e4tsel immer noch gel\u00f6st werden. Man erh\u00e4lt dann lediglich [&hellip;]<\/p>\n","protected":false},"author":7,"featured_media":0,"parent":0,"menu_order":0,"comment_status":"closed","ping_status":"closed","template":"","meta":[],"_links":{"self":[{"href":"https:\/\/onlinerunner.de\/Site\/wp-json\/wp\/v2\/pages\/812"}],"collection":[{"href":"https:\/\/onlinerunner.de\/Site\/wp-json\/wp\/v2\/pages"}],"about":[{"href":"https:\/\/onlinerunner.de\/Site\/wp-json\/wp\/v2\/types\/page"}],"author":[{"embeddable":true,"href":"https:\/\/onlinerunner.de\/Site\/wp-json\/wp\/v2\/users\/7"}],"replies":[{"embeddable":true,"href":"https:\/\/onlinerunner.de\/Site\/wp-json\/wp\/v2\/comments?post=812"}],"version-history":[{"count":9,"href":"https:\/\/onlinerunner.de\/Site\/wp-json\/wp\/v2\/pages\/812\/revisions"}],"predecessor-version":[{"id":828,"href":"https:\/\/onlinerunner.de\/Site\/wp-json\/wp\/v2\/pages\/812\/revisions\/828"}],"wp:attachment":[{"href":"https:\/\/onlinerunner.de\/Site\/wp-json\/wp\/v2\/media?parent=812"}],"curies":[{"name":"wp","href":"https:\/\/api.w.org\/{rel}","templated":true}]}}