{"id":83,"date":"2017-10-17T19:55:58","date_gmt":"2017-10-17T17:55:58","guid":{"rendered":"http:\/\/onlinerunner.de\/Site\/?page_id=83"},"modified":"2017-12-09T15:15:46","modified_gmt":"2017-12-09T14:15:46","slug":"abkuerzungen","status":"publish","type":"page","link":"https:\/\/onlinerunner.de\/Site\/abkuerzungen\/","title":{"rendered":"PI-ABC"},"content":{"rendered":"<p><img loading=\"lazy\" class=\"alignnone wp-image-329\" src=\"http:\/\/onlinerunner.de\/Site\/wp-content\/uploads\/cropped-PI-3-1-300x300.jpg\" alt=\"\" width=\"88\" height=\"88\" srcset=\"https:\/\/onlinerunner.de\/Site\/wp-content\/uploads\/cropped-PI-3-1-300x300.jpg 300w, https:\/\/onlinerunner.de\/Site\/wp-content\/uploads\/cropped-PI-3-1-150x150.jpg 150w, https:\/\/onlinerunner.de\/Site\/wp-content\/uploads\/cropped-PI-3-1-230x230.jpg 230w, https:\/\/onlinerunner.de\/Site\/wp-content\/uploads\/cropped-PI-3-1-350x350.jpg 350w, https:\/\/onlinerunner.de\/Site\/wp-content\/uploads\/cropped-PI-3-1-480x480.jpg 480w, https:\/\/onlinerunner.de\/Site\/wp-content\/uploads\/cropped-PI-3-1-270x270.jpg 270w, https:\/\/onlinerunner.de\/Site\/wp-content\/uploads\/cropped-PI-3-1-192x192.jpg 192w, https:\/\/onlinerunner.de\/Site\/wp-content\/uploads\/cropped-PI-3-1-180x180.jpg 180w, https:\/\/onlinerunner.de\/Site\/wp-content\/uploads\/cropped-PI-3-1-32x32.jpg 32w, https:\/\/onlinerunner.de\/Site\/wp-content\/uploads\/cropped-PI-3-1.jpg 512w\" sizes=\"(max-width: 88px) 100vw, 88px\" \/> In der PI sind zur Vereinfachung der t\u00e4glichen Kommunikation eine Reihe von Abk\u00fcrzungen gebr\u00e4uchlich.<br \/>\nF\u00fcr neue Rekruten und junge Agents bieten wir hier einmal eine \u00dcbersicht der h\u00e4ufigsten Abk\u00fcrzungen.<br \/>\nBitte geben Sie der GPA R\u00fcckmeldung, wenn Sie auf K\u00fcrzel treffen, die hier noch nicht erfasst sind,<br \/>\nda sich die \u00dcbersicht als Service noch im Aufbau befindet und die GPA hier auf die Mithilfe aller<br \/>\nAgents und Mitarbieterinnen und Mitarbeiter angewiesen sind und einen TS f\u00fcr PSIU,\u00a0 ALU und CPRG zu erm\u00f6glichen.<\/p>\n<p>&nbsp;<\/p>\n<table style=\"height: 2002px;\" width=\"975\">\n<tbody>\n<tr>\n<td width=\"119\"><strong>K\u00fcrzel<\/strong><\/td>\n<td width=\"195\"><strong>Bezeichnung<\/strong><\/td>\n<\/tr>\n<tr>\n<td width=\"119\">PI-AC-SEC-CON<\/td>\n<td width=\"195\">PI-Action-Security-Control-level<\/td>\n<\/tr>\n<tr>\n<td width=\"119\">DGA<\/td>\n<td width=\"195\">Director for Global Affairs<\/td>\n<\/tr>\n<tr>\n<td width=\"119\">PSUI<\/td>\n<td width=\"195\">Phenomenon Scene Investigation Unit<\/td>\n<\/tr>\n<tr>\n<td width=\"119\">ALU<\/td>\n<td width=\"195\">Analytical Laboratory Unit<\/td>\n<\/tr>\n<tr>\n<td width=\"119\">CPRG<\/td>\n<td width=\"195\">Conscious Public Relations Group<\/td>\n<\/tr>\n<tr>\n<td width=\"119\">GPA<\/td>\n<td width=\"195\">Global Phenomenon Administration<\/td>\n<\/tr>\n<tr>\n<td width=\"119\">FAST<\/td>\n<td width=\"195\">Force Against Spiritual Terrorism<\/td>\n<\/tr>\n<tr>\n<td width=\"119\">SGEG<\/td>\n<td width=\"195\">Spirit Geography Expert Group<\/td>\n<\/tr>\n<tr>\n<td width=\"119\">PSA<\/td>\n<td width=\"195\">PSI Spectral Analysts<\/td>\n<\/tr>\n<tr>\n<td width=\"119\">DUMM<\/td>\n<td width=\"195\">Documentation Unit and Multisensory Measurement<\/td>\n<\/tr>\n<tr>\n<td width=\"119\">GRAF<\/td>\n<td width=\"195\">Group for Recording of Audible Frequencies<\/td>\n<\/tr>\n<tr>\n<td width=\"119\">MILF<\/td>\n<td width=\"195\">Multisensory Investigators of Life Force<\/td>\n<\/tr>\n<tr>\n<td width=\"119\">SNAPIT<\/td>\n<td width=\"195\">Supernatural Presence Investigation Task Force<\/td>\n<\/tr>\n<tr>\n<td width=\"119\">ES<\/td>\n<td width=\"195\">Ectoplasm Specialists<\/td>\n<\/tr>\n<tr>\n<td width=\"119\">EU<\/td>\n<td width=\"195\">Encryption Unit<\/td>\n<\/tr>\n<tr>\n<td width=\"119\">DU<\/td>\n<td width=\"195\">Decryption Unit<\/td>\n<\/tr>\n<tr>\n<td width=\"119\">CMRDMGQQMT<\/td>\n<td width=\"195\">Classified Material Research, Development, and Maintenance Group for Qualitative and Quantitative Material Testing<\/td>\n<\/tr>\n<tr>\n<td width=\"119\">FAT<\/td>\n<td width=\"195\">Food Analysis Team<\/td>\n<\/tr>\n<tr>\n<td width=\"119\">PIMP<\/td>\n<td width=\"195\">Political Intervention Management Processes<\/td>\n<\/tr>\n<tr>\n<td width=\"119\">PUMP<\/td>\n<td width=\"195\">Public Unit for Mass-hysteria Prevention<\/td>\n<\/tr>\n<tr>\n<td width=\"119\">UHR<\/td>\n<td width=\"195\">Unit for Human Resources<\/td>\n<\/tr>\n<tr>\n<td width=\"119\">MAF<\/td>\n<td width=\"195\">Multinational Accounting and Finance<\/td>\n<\/tr>\n<tr>\n<td width=\"119\">SM<\/td>\n<td width=\"195\">Standardizes Material<\/td>\n<\/tr>\n<tr>\n<td width=\"119\">TS<\/td>\n<td width=\"195\">Top Service<\/td>\n<\/tr>\n<tr>\n<td width=\"119\">wd<\/td>\n<td width=\"195\">gut gemacht &#8211; well done (klassisches PI Lob)<\/td>\n<\/tr>\n<tr>\n<td width=\"119\">LR<\/td>\n<td width=\"195\">Laborratten (interne PI Bezeichnung f\u00fcr die ALU)<\/td>\n<\/tr>\n<tr>\n<td width=\"119\">LmaA<\/td>\n<td width=\"195\">Local measurement at A-level<\/td>\n<\/tr>\n<tr>\n<td width=\"119\">HUT 1<\/td>\n<td width=\"195\">Sei auf der Hut! (klassische Risikoeinsch\u00e4tzung der PI auf Risikolevel 1)<\/td>\n<\/tr>\n<tr>\n<td width=\"119\">HUT 2<\/td>\n<td width=\"195\">Sei auf der Hut! (klassische Risikoeinsch\u00e4tzung der PI auf Risikolevel 2)<\/td>\n<\/tr>\n<tr>\n<td width=\"119\">HUT 3<\/td>\n<td width=\"195\">Sei auf der Hut! (klassische Risikoeinsch\u00e4tzung der PI auf Risikolevel 3)<\/td>\n<\/tr>\n<tr>\n<td width=\"119\">GL<\/td>\n<td width=\"195\">Ged\u00e4chtnisl\u00f6sung<\/td>\n<\/tr>\n<tr>\n<td width=\"119\">tGL<\/td>\n<td width=\"195\">totale Ged\u00e4chtnisl\u00f6sung<\/td>\n<\/tr>\n<tr>\n<td width=\"119\">CrI<\/td>\n<td width=\"195\">Crypto-Inch<\/td>\n<\/tr>\n<tr>\n<td width=\"119\">Hpl<\/td>\n<td width=\"195\">Hygo-Plasm<\/td>\n<\/tr>\n<tr>\n<td width=\"119\">DSp<\/td>\n<td width=\"195\">Double-Sphere<\/td>\n<\/tr>\n<tr>\n<td width=\"119\">RSPK<\/td>\n<td width=\"195\">Recurrent Spontaneous Psychokinesis<\/td>\n<\/tr>\n<tr>\n<td width=\"119\">eSub<\/td>\n<td width=\"195\">ektoplasmatische Substanzen<\/td>\n<\/tr>\n<\/tbody>\n<\/table>\n<p>&nbsp;<\/p>\n<p>&nbsp;<\/p>\n<p>Vielen Dank f\u00fcr Ihre Unterst\u00fctung.<br \/>\nIhre GPA<\/p>\n<p>&nbsp;<\/p>\n","protected":false},"excerpt":{"rendered":"<p>In der PI sind zur Vereinfachung der t\u00e4glichen Kommunikation eine Reihe von Abk\u00fcrzungen gebr\u00e4uchlich. F\u00fcr neue Rekruten und junge Agents bieten wir [&hellip;]<\/p>\n","protected":false},"author":2,"featured_media":0,"parent":0,"menu_order":0,"comment_status":"closed","ping_status":"closed","template":"","meta":[],"_links":{"self":[{"href":"https:\/\/onlinerunner.de\/Site\/wp-json\/wp\/v2\/pages\/83"}],"collection":[{"href":"https:\/\/onlinerunner.de\/Site\/wp-json\/wp\/v2\/pages"}],"about":[{"href":"https:\/\/onlinerunner.de\/Site\/wp-json\/wp\/v2\/types\/page"}],"author":[{"embeddable":true,"href":"https:\/\/onlinerunner.de\/Site\/wp-json\/wp\/v2\/users\/2"}],"replies":[{"embeddable":true,"href":"https:\/\/onlinerunner.de\/Site\/wp-json\/wp\/v2\/comments?post=83"}],"version-history":[{"count":14,"href":"https:\/\/onlinerunner.de\/Site\/wp-json\/wp\/v2\/pages\/83\/revisions"}],"predecessor-version":[{"id":568,"href":"https:\/\/onlinerunner.de\/Site\/wp-json\/wp\/v2\/pages\/83\/revisions\/568"}],"wp:attachment":[{"href":"https:\/\/onlinerunner.de\/Site\/wp-json\/wp\/v2\/media?parent=83"}],"curies":[{"name":"wp","href":"https:\/\/api.w.org\/{rel}","templated":true}]}}